y t(-21).
5
Suppose -10*w = w - 473. Let p(a) = -a**2 + 39*a - 36. What is the remainder when p(5) is divided by w?
5
Suppose 3*n + 9*d - 891 = 14*d, 0 = -2*n - 2*d + 610. Calculate the remainder when 558 is divided by n.
256
What is the remainder when 1112 is divided by (-10 - -60) + 1 + 3 + -11?
37
Let k = -220 + 395. What is the remainder when 157 is divided by (k/15 - 9)*(11 + 1)?
29
Let j = 21 + -10. Let z(b) = 3*b + 39. Let c = 225 - 217. What is the remainder when z(c) is divided by j?
8
Let p(v) = 3*v**2 + 5*v + 5. Let y be p(-3). Suppose -y = 3*g - 8. What is the remainder when (-2 - ((-95)/g)/(-5))*33 is divided by 24?
23
Let s(v) = 2*v + 7. Let x be s(10). Suppose -3*l + x = -126. Calculate the remainder when 107 is divided by l.
5
Suppose -70*f + i = -72*f + 660, -2*f = 8*i - 604. Let r = -28 + 40. What is the remainder when f is divided by r?
10
Let h(v) = -573*v - 238. What is the remainder when h(-2) is divided by 228?
224
Let f(o) = 4*o**2 - 2*o + 2. Suppose -k = 5*t - 72, -2*t + 3086 - 3183 = -3*k. What is the remainder when k is divided by f(2)?
9
Let q(f) = f**2 - 2*f - 7. Let i be 0/2 - (-52 - -54). Calculate the remainder when 18 is divided by q(i).
0
Let g(m) = -75*m + 990. Calculate the remainder when g(3) is divided by 3.
0
Suppose -d = 2*g - 187, 17*d + 5*g = 13*d + 733. Calculate the remainder when d is divided by 76.
25
Let b = 2452 + -2313. Suppose 6 = 2*w + 2. Suppose 2*t - b = y, -t + 211 = w*t - y. Calculate the remainder when t is divided by 26.
20
Let d(s) = -3*s - 73. Let g be d(-26). Suppose -g*b - 54 = -z, -3*z + 5*b + 137 = 25. What is the remainder when 345 is divided by z?
26
Suppose -5*s + j - 6 + 167 = 0, 4*j + 17 = s. Calculate the remainder when 626 is divided by s.
32
Let w be 2 - -4*(1 + 2)*-2. Let s = 116 + 6. Calculate the remainder when s is divided by (w + 24)/(2/41).
40
Let x = 6398 + -6262. What is the remainder when 1074 is divided by x?
122
What is the remainder when 922 is divided by 78 + (200/(-20) - -23)?
12
Suppose 3*k + 2*o = 145, -82*k = -86*k + 5*o + 224. What is the remainder when (-7630)/(-10) - 0/(1/(-1)) is divided by k?
49
Let u(l) = -l**3 + 9*l**2 + 3*l + 2. Suppose -49*v + 61*v - 288 = 0. What is the remainder when u(5) is divided by v?
21
Suppose 2*q = -5*o + 155, 4*q - q - 267 = 4*o. Calculate the remainder when 187 is divided by q.
17
Suppose 40 = -m + 9*m. Let k(s) = s + 60. Let y be k(-15). Suppose 0 = 3*p + g - 36, -4*g = p + 2*p - y. Calculate the remainder when p is divided by m.
1
Let m = -47 - -59. Suppose 0 = 13*z - m*z + 41. Let h = -34 - z. What is the remainder when 54 is divided by h?
5
Let j = 247 + -243. Suppose -3*l + 43 = x, 5*l + 5*x - j*x = 69. Calculate the remainder when l is divided by 6.
1
Suppose -21*v + 27793 = -10448. Calculate the remainder when v is divided by 5.
1
Let l = 26938 - 26911. Calculate the remainder when 305 is divided by l.
8
Suppose -36*k - 1024 + 33604 = 0. Calculate the remainder when k is divided by 222.
17
Let w(g) = -g**2 - 16*g + 218. Let u be w(-24). Let b be (-33)/7 - (-6)/(-21). Calculate the remainder when (24/b)/(u/(-65)) is divided by 8.
4
Suppose -3*s - 1692 = -5*p - 7*s, 0 = 2*p + 3*s - 681. Suppose 0 = -12*v - 4*v + p. Calculate the remainder when 34 is divided by v.
13
Let l = 263 - 97. Let u(y) = 7*y - y - 119 + l. Calculate the remainder when 53 is divided by u(-6).
9
What is the remainder when 158/(-2133) + ((-104820)/(-81) - 1) is divided by 13?
6
Let q = 47 + -27. Suppose -70131*l + 35076*l + 431 - 1251 = -35065*l. What is the remainder when l is divided by q?
2
Suppose 4*u = 2 - 6. Let v(w) = -w + 5. Let a be v(u). Let r = a - 1. What is the remainder when r is divided by 1?
0
Suppose 94*n - 105*n + 2464 = 0. Suppose -5*s - 84 = -t, 32*s = -3*t + 33*s + n. Calculate the remainder when t is divided by 16.
10
Let u be (-16)/(-6) + (-8)/12. Let d(w) = 10*w**2 + w + 1. Let c(p) = 3086*p + 9427. Calculate the remainder when c(-3) is divided by d(u).
40
Let s = -153 + 447. Let y = s + -265. Calculate the remainder when y is divided by 11.
7
Let k = 559 - 343. Suppose k = 5*y + 3*n + n, -y + 36 = -n. What is the remainder when 76 is divided by y?
36
Let j(w) = 2*w - 29. Let q be j(-20). Let n = -56 - q. Suppose -2*h - n = -57. What is the remainder when 59 is divided by h?
15
Suppose 2*u = 3*h - 128, 30*u = 32*u + 8. Calculate the remainder when h is divided by 12.
4
Suppose 0*q - 10 = -q. Suppose q*x - 606 = -26. Suppose -2*a + 7*a + 2*o - 90 = 0, 0 = 4*o + 20. What is the remainder when x is divided by a?
18
Suppose 0*d - 6 = -6*d. Let i be ((-28)/(-7))/(d/(-41) + 0). Let r = 278 + i. What is the remainder when r is divided by 29?
27
Let k(m) = m**3 - 11*m**2 + 4*m - 42. What is the remainder when 15 is divided by k(11)?
1
Let k be 2 + -3*(-2)/(-3). Suppose -5*f + 15 = k, 266 = 5*c + 3*f - 203. Let h = -77 + c. What is the remainder when 73 is divided by h?
13
Let d(q) = -50*q - 5628. Calculate the remainder when d(-114) is divided by 37.
35
Let m(o) = -5*o - 34. Let y be (-82)/12 + 13/(-78). Let d be m(y). What is the remainder when 50 is divided by 13 + d/((-1)/4)?
5
Calculate the remainder when 800 is divided by ((-6)/36)/(2/(-280))*111/74.
30
Suppose -i + m = -102, -i + 5*m + 17 = -69. Calculate the remainder when i is divided by 178/10 - (-3)/15.
16
Suppose -446 = y - 3*w, 1312 = 7*y - 10*y - 4*w. Let g = y - -449. What is the remainder when 97 is divided by g?
7
Suppose -106824 - 47664 = 36*t - 193*t. Calculate the remainder when t is divided by 63.
39
Suppose -64*n + 1371 = 130 - 679. Calculate the remainder when 217 is divided by n.
7
Let a(z) = 22*z**3 - 5*z**2 + 13*z - 18. Let v be a(2). Suppose 2*w - 16 = -t + 25, -4*w = -4*t + v. Calculate the remainder when t is divided by 22.
19
Let b(i) = i**2 + 30*i + 53. Let k be b(-28). What is the remainder when (-40 + 37)/(k/22) is divided by 6?
4
Suppose 0 = -2*o + 5*t + 277, 3*o - 7*t = -12*t + 328. What is the remainder when 7016 is divided by o?
119
Let l = -2306 + 2572. What is the remainder when l is divided by 25?
16
Calculate the remainder when (68/10)/(-6 - (-121)/20) is divided by 23.
21
Let s(o) = -337*o - 5303. Calculate the remainder when 339 is divided by s(-16).
72
Let x(t) = -15*t + 25. Let b(o) = 2*o + 1. Let m(n) = 21*b(n) + 3*x(n). Calculate the remainder when 51 is divided by m(23).
24
Let v(d) = 37*d**3 - 2*d**2 - 3*d + 3. Let r be ((-24)/(-11) - 2)/(59/649). What is the remainder when v(r) is divided by 41?
39
Let s(v) = -10*v - 61. Let g(l) = -11*l - 63. Let i(k) = 3*g(k) - 4*s(k). Calculate the remainder when 106 is divided by i(0).
51
Let n be 6/1 - 10 - -241. Let j = n + -212. Calculate the remainder when j is divided by 18.
7
Calculate the remainder when (-3895)/(-14) - (-48)/(-224) is divided by 4.
2
Let w(q) = 3696*q**3 + 12*q**2 - 14*q + 2. Calculate the remainder when w(1) is divided by 43.
41
Let w = 351 - 357. Calculate the remainder when 305 is divided by (-464)/w - 40/120.
74
Let v(h) = -10*h**3 - 87*h**2 - 16*h - 17. Calculate the remainder when v(-9) is divided by 38.
28
Suppose 150 = -l + 3*l. Suppose 2 - l = -5*h - w, 0 = 2*h - 2*w - 34. Let z(c) = 17*c**2 - 1553*c + 552. What is the remainder when h is divided by z(91)?
3
Suppose 0 = 16*p - 18*p + c + 6404, 2*c = 5*p - 16009. What is the remainder when p is divided by 12?
9
Suppose 271*k = 266*k + 255. Suppose -k*g = -54*g + 189. Calculate the remainder when 199 is divided by g.
10
Let p(d) = -2*d**3 - 3*d**2 + 6*d - 4. Let u be p(-3). Suppose -2 = -u*q + 163. What is the remainder when q is divided by 0 + (104/12)/((-6)/(-9))?
7
Let r be (-81)/(-63) - 4/14. Suppose p + r = 1. Suppose -5*b - 5 = p, -3*l = 5*b - 63 - 79. What is the remainder when l is divided by 25?
24
Suppose -12 + 15 = 3*b. Let w(f) = 33*f**3 - 3*f**2 + 4*f. What is the remainder when 67 is divided by w(b)?
33
Let m = -173 + 173. Suppose -3*g - 110 = -3*o + 37, 2*g + 2 = m. What is the remainder when o is divided by 13?
9
Let g = -3298 - -3823. What is the remainder when g is divided by 48?
45
Let p(m) be the first derivative of m**3/3 + 9*m**2/2 + 7*m - 3. What is the remainder when p(-10) is divided by 10?
7
Let b(u) = -559*u + 1122. What is the remainder when b(-7) is divided by 11?
8
Suppose -12*t 